{"id":2934,"date":"2018-11-21T11:29:55","date_gmt":"2018-11-21T10:29:55","guid":{"rendered":"https:\/\/www.titadoregosilva.de\/shop\/?page_id=2934"},"modified":"2018-12-02T15:57:01","modified_gmt":"2018-12-02T14:57:01","slug":"video","status":"publish","type":"page","link":"https:\/\/www.titadoregosilva.de\/shop\/video\/","title":{"rendered":"VIDEO"},"content":{"rendered":"<p><iframe loading=\"lazy\" src=\"https:\/\/player.vimeo.com\/video\/104523509\" width=\"640\" height=\"352\" frameborder=\"0\" allowfullscreen=\"allowfullscreen\"><\/iframe><\/p>\n<p><a href=\"https:\/\/vimeo.com\/104523509\">Portrait &#8211; Xilogravura<\/a> from <a href=\"https:\/\/vimeo.com\/user31634490\">Tita do R\u00eago Silva.<\/a><\/p>\n<p>K\u00fcnstlerportrait \u00fcber die K\u00fcnstlerin Tita do R\u00eago Silva<\/p>\n<p>Hamburg\/2013<\/p>\n<hr \/>\n<p><iframe loading=\"lazy\" src=\"https:\/\/player.vimeo.com\/video\/301574308\" width=\"640\" height=\"360\" frameborder=\"0\" allowfullscreen=\"allowfullscreen\"><\/iframe><\/p>\n<p><a href=\"https:\/\/vimeo.com\/301574308\">ARTE Maranh\u00e3o &#8211; Tita do R\u00eago Silva<\/a> from <a href=\"https:\/\/vimeo.com\/user31634490\">Tita do R\u00eago Silva<\/a>.<\/p>\n<p>Dokumentarfilm\/2016<\/p>\n<p>TITA ist ein Dokumentarfilm \u00fcber die aus dem nord\u00f6stlichen brasilianischen Bundesstaat Maranh\u00e3o stammende\u00a0Holzschnittk\u00fcnstlerin Tita do R\u00eago Silva. Der Film begibt sich auf die Suche nach den Wurzeln der von Tierwesen\u00a0und Elementen der Natur bev\u00f6lkerten Bilderwelt der K\u00fcnstlerin, die in ihrer Kindheit in ihrer Geburtsstadt Caxias\u00a0im Bundesstaat Maranh\u00e3o liegen. Der Dokumentarfilm zeigt zudem den Alltag der K\u00fcnstlerin\u00a0in ihrem Atelier in Hamburg, im Haus f\u00fcr Kunst und Handwerk, Koppel 66 mitten in St. Georg.<\/p>\n<p>Dauer: 26 Minuten |\u00a0Produzent: MAVAM \u2013 Museu da Mem\u00f3ria Audiovisual do Maranh\u00e3o |\u00a0Regie: Beto Matuck |\u00a0Produktion: Joaquim Haickel |\u00a0Drehbuch: Beto Matuck |\u00a0Ton: Andr\u00e9 Lucap<\/p>\n<hr \/>\n<p><iframe loading=\"lazy\" src=\"https:\/\/player.vimeo.com\/video\/226716054\" width=\"640\" height=\"360\" frameborder=\"0\" allowfullscreen=\"allowfullscreen\"><\/iframe><\/p>\n<p><a href=\"https:\/\/vimeo.com\/226716054\">Sicher habe ich mich nie gef\u00fchlt &#8211; Die Geschichte einer Flucht &#8211; Making Of<\/a> from <a href=\"https:\/\/vimeo.com\/user31634490\">Tita do R\u00eago Silva.<\/a><\/p>\n<p>Sicher habe ich mich nie gef\u00fchlt &#8211; Die Geschichte einer Flucht<\/p>\n<p>Ein Buchprojekt von Tita do Rego Silva<\/p>\n<p>Text: Ali Hosseini &amp;\u00a0Heike Schmidt<\/p>\n<p>Making Of\/2017<\/p>\n","protected":false},"excerpt":{"rendered":"<p>Portrait &#8211; Xilogravura from Tita do R\u00eago Silva. K\u00fcnstlerportrait \u00fcber die K\u00fcnstlerin Tita do R\u00eago Silva Hamburg\/2013 ARTE Maranh\u00e3o &#8211; Tita do R\u00eago Silva from Tita do R\u00eago Silva. Dokumentarfilm\/2016 TITA ist ein Dokumentarfilm \u00fcber die aus dem nord\u00f6stlichen brasilianischen Bundesstaat Maranh\u00e3o stammende\u00a0Holzschnittk\u00fcnstlerin Tita do R\u00eago Silva. Der Film begibt sich auf die Suche nach [&hellip;]<\/p>\n","protected":false},"author":1,"featured_media":0,"parent":0,"menu_order":0,"comment_status":"closed","ping_status":"closed","template":"template-fullwidth.php","meta":{"jetpack_post_was_ever_published":false,"footnotes":""},"class_list":["post-2934","page","type-page","status-publish","hentry"],"jetpack_sharing_enabled":true,"jetpack_shortlink":"https:\/\/wp.me\/P8nqQM-Lk","jetpack-related-posts":[{"id":432,"url":"https:\/\/www.titadoregosilva.de\/shop\/info\/","url_meta":{"origin":2934,"position":0},"title":"INFO","author":"admin","date":"22. Oktober 2018","format":false,"excerpt":"Tita do R\u00eago Silva ist Brasilianerin. Schon mit ihrer Geburt im Jahre 1959 in Caxias - MA, begann eine Odysse, die sie \u00fcber ein Kunststudium an der Universit\u00e4t von Bras\u00edlia 1989 nach Hamburg f\u00fchrte. Die Arbeit als freie K\u00fcnstlerin im k\u00fchlen Norden weckte in ihr die warme Farbpalette Brasiliens: Kindheitserinnerungen\u2026","rel":"","context":"\u00c4hnlicher Beitrag","block_context":{"text":"\u00c4hnlicher Beitrag","link":""},"img":{"alt_text":"","src":"https:\/\/i0.wp.com\/www.titadoregosilva.de\/shop\/wp-content\/uploads\/PortraitTita-300x300.jpg?resize=350%2C200&ssl=1","width":350,"height":200},"classes":[]},{"id":3359,"url":"https:\/\/www.titadoregosilva.de\/shop\/gallery\/buchkunst\/","url_meta":{"origin":2934,"position":1},"title":"BUCHKUNST","author":"admin","date":"29. Dezember 2018","format":false,"excerpt":"\"APOLL UND DAFNE\" Literatur \u2013 Text: Ludwig H. Christoph H\u00f6lty \u2013 Illustrationen: Tita do R\u00eago Silva Das Buch \"APOLL UND DAFNE\" online kaufen - hier! \u00a0 \"EIN FEST IM HIMMEL\" Brasilianisches M\u00e4rchen; Text und Illustrationen: Tita do R\u00eago Silva Das Buch \"EIN FEST IM HIMMEL\" online kaufen - hier! \u00a0\u2026","rel":"","context":"\u00c4hnlicher Beitrag","block_context":{"text":"\u00c4hnlicher Beitrag","link":""},"img":{"alt_text":"","src":"https:\/\/i0.wp.com\/www.titadoregosilva.de\/shop\/wp-content\/uploads\/2018\/11\/01ApolluDafne-Cover.jpg?resize=350%2C200","width":350,"height":200,"srcset":"https:\/\/i0.wp.com\/www.titadoregosilva.de\/shop\/wp-content\/uploads\/2018\/11\/01ApolluDafne-Cover.jpg?resize=350%2C200 1x, https:\/\/i0.wp.com\/www.titadoregosilva.de\/shop\/wp-content\/uploads\/2018\/11\/01ApolluDafne-Cover.jpg?resize=525%2C300 1.5x"},"classes":[]},{"id":219,"url":"https:\/\/www.titadoregosilva.de\/shop\/imprint\/","url_meta":{"origin":2934,"position":2},"title":"IMPRESSUM","author":"admin","date":"9. Februar 2017","format":false,"excerpt":"Tita Do Rego Silva Atelier Tita do Rego Silva Koppel 66 20099 Hamburg Deutschland Tel.: 04028050599 E-Mail: tita@doregosilva.de Umsatzsteuer-Identifikationsnummer gem\u00e4\u00df \u00a7 27 a Umsatzsteuergesetz: DE 166428833 webdesign: jojacobs.de webproduction: ic-multimedia.de","rel":"","context":"\u00c4hnlicher Beitrag","block_context":{"text":"\u00c4hnlicher Beitrag","link":""},"img":{"alt_text":"","src":"","width":0,"height":0},"classes":[]},{"id":328,"url":"https:\/\/www.titadoregosilva.de\/shop\/shop\/","url_meta":{"origin":2934,"position":3},"title":"SHOP","author":"admin","date":"29. August 2018","format":false,"excerpt":"Willkommen im Onlineshop Atelier Tita do R\u00eago Silva! Schauen Sie sich um und entdecken Sie die Vielfalt meiner Holz-und Linolschnitt Kunst. Bestellungen im Shop sind nur innerhalb Deutschlands m\u00f6glich. F\u00fcr Fragen, W\u00fcnsche oder Auslandsbestellungen schreiben Sie mir eine E-Mail an: Atelier@titadoregosilva.de. Ich helfe gerne weiter! Onlineshop-Wundert\u00fcte Eine unwiderstehliche T\u00fcte voller\u2026","rel":"","context":"\u00c4hnlicher Beitrag","block_context":{"text":"\u00c4hnlicher Beitrag","link":""},"img":{"alt_text":"","src":"https:\/\/i0.wp.com\/www.titadoregosilva.de\/shop\/wp-content\/uploads\/Wundertuete-01-150x150.jpg?resize=350%2C200&ssl=1","width":350,"height":200},"classes":[]},{"id":455,"url":"https:\/\/www.titadoregosilva.de\/shop\/widerrufsbelehrung\/","url_meta":{"origin":2934,"position":4},"title":"WIDERRUFSBELEHRUNG","author":"admin","date":"24. Oktober 2018","format":false,"excerpt":"Widerrufsrecht f\u00fcr Verbraucher (Verbraucher ist jede nat\u00fcrliche Person, die ein Rechtsgesch\u00e4ft zu Zwecken abschlie\u00dft, die \u00fcberwiegend weder ihrer gewerblichen noch ihrer selbstst\u00e4ndigen beruflichen T\u00e4tigkeit zugerechnet werden kann.) Widerrufsbelehrung Widerrufsrecht Sie haben das Recht, binnen vierzehn Tagen ohne Angabe von Gr\u00fcnden diesen Vertrag zu widerrufen. Die Widerrufsfrist betr\u00e4gt vierzehn Tage ab\u2026","rel":"","context":"\u00c4hnlicher Beitrag","block_context":{"text":"\u00c4hnlicher Beitrag","link":""},"img":{"alt_text":"","src":"","width":0,"height":0},"classes":[]},{"id":3303,"url":"https:\/\/www.titadoregosilva.de\/shop\/gallery\/atelier\/","url_meta":{"origin":2934,"position":5},"title":"Atelier","author":"admin","date":"28. Dezember 2018","format":false,"excerpt":"Alltag im Atelier Tita do R\u00eago Silva in der Koppel 66, dem Haus f\u00fcr Kunst und Handwerk","rel":"","context":"\u00c4hnlicher Beitrag","block_context":{"text":"\u00c4hnlicher Beitrag","link":""},"img":{"alt_text":"","src":"https:\/\/i0.wp.com\/www.titadoregosilva.de\/shop\/wp-content\/uploads\/2018\/10\/atelierpano.jpg?resize=350%2C200","width":350,"height":200,"srcset":"https:\/\/i0.wp.com\/www.titadoregosilva.de\/shop\/wp-content\/uploads\/2018\/10\/atelierpano.jpg?resize=350%2C200 1x, https:\/\/i0.wp.com\/www.titadoregosilva.de\/shop\/wp-content\/uploads\/2018\/10\/atelierpano.jpg?resize=525%2C300 1.5x, https:\/\/i0.wp.com\/www.titadoregosilva.de\/shop\/wp-content\/uploads\/2018\/10\/atelierpano.jpg?resize=700%2C400 2x, https:\/\/i0.wp.com\/www.titadoregosilva.de\/shop\/wp-content\/uploads\/2018\/10\/atelierpano.jpg?resize=1050%2C600 3x"},"classes":[]}],"jetpack_likes_enabled":true,"_links":{"self":[{"href":"https:\/\/www.titadoregosilva.de\/shop\/wp-json\/wp\/v2\/pages\/2934","targetHints":{"allow":["GET"]}}],"collection":[{"href":"https:\/\/www.titadoregosilva.de\/shop\/wp-json\/wp\/v2\/pages"}],"about":[{"href":"https:\/\/www.titadoregosilva.de\/shop\/wp-json\/wp\/v2\/types\/page"}],"author":[{"embeddable":true,"href":"https:\/\/www.titadoregosilva.de\/shop\/wp-json\/wp\/v2\/users\/1"}],"replies":[{"embeddable":true,"href":"https:\/\/www.titadoregosilva.de\/shop\/wp-json\/wp\/v2\/comments?post=2934"}],"version-history":[{"count":8,"href":"https:\/\/www.titadoregosilva.de\/shop\/wp-json\/wp\/v2\/pages\/2934\/revisions"}],"predecessor-version":[{"id":3042,"href":"https:\/\/www.titadoregosilva.de\/shop\/wp-json\/wp\/v2\/pages\/2934\/revisions\/3042"}],"wp:attachment":[{"href":"https:\/\/www.titadoregosilva.de\/shop\/wp-json\/wp\/v2\/media?parent=2934"}],"curies":[{"name":"wp","href":"https:\/\/api.w.org\/{rel}","templated":true}]}}