{"id":279,"date":"2017-02-17T07:09:05","date_gmt":"2017-02-17T06:09:05","guid":{"rendered":"http:\/\/www.titadoregosilva.de\/wordpress\/?page_id=279"},"modified":"2025-07-26T15:49:43","modified_gmt":"2025-07-26T13:49:43","slug":"aktuell-atual","status":"publish","type":"page","link":"https:\/\/www.titadoregosilva.de\/shop\/","title":{"rendered":"NEWS"},"content":{"rendered":"\n<div class=\"intxt\">\n<h3>Liebe Freunde der Holzschnittkunst, <br>\nich w\u00fcnsche euch viel Spa\u00df beim st\u00f6bern,<br>\nTita<\/h3>\n<\/div>\n\n\n\n<h4 class=\"wp-block-heading\">Hier seht ihr meine aktuellen Facebook-Posts:<\/h4>\n\n\n<div class=\"cff-wrapper\"><div class=\"cff-wrapper-ctn \" ><div id=\"cff\" data-char=\"400\" class=\"cff cff-theme-default_theme  cff-mob-cols-1 cff-tab-cols-1  cff-half-layout cff-timeline-feed cff-pag cff-all-reviews cff-nojs  cff-lightbox cff-lb\" style=\"width:100%; \" data-fb-text=\"View on Facebook\" data-offset=\"\" data-media-side=\"left\" data-own-token=\"true\" data-grid-pag=\"cursor\" data-restricted=\"true\" data-lb-comments=\"true\" data-pag-num=\"3\" data-cff-shortcode=\"{&quot;feed&quot;: &quot;2&quot;}\" data-postid=\"279\" data-locatornonce=\"b4848aa3b6\" data-cff-theme=\"default_theme\" ><svg width=\"24px\" height=\"24px\" version=\"1.1\" xmlns=\"http:\/\/www.w3.org\/2000\/svg\" xmlns:xlink=\"http:\/\/www.w3.org\/1999\/xlink\" class=\"cff-screenreader\" role=\"img\" aria-labelledby=\"metaSVGid metaSVGdesc\"><title id=\"metaSVGid\">Comments Box SVG icons<\/title><desc id=\"metaSVGdesc\">Used for the like, share, comment, and reaction icons<\/desc><defs><linearGradient id=\"angryGrad\" x1=\"0\" x2=\"0\" y1=\"0\" y2=\"1\"><stop offset=\"0%\" stop-color=\"#f9ae9e\" \/><stop offset=\"70%\" stop-color=\"#ffe7a4\" \/><\/linearGradient><linearGradient id=\"likeGrad\"><stop offset=\"25%\" stop-color=\"rgba(0,0,0,0.05)\" \/><stop offset=\"26%\" stop-color=\"rgba(255,255,255,0.7)\" \/><\/linearGradient><linearGradient id=\"likeGradHover\"><stop offset=\"25%\" stop-color=\"#a3caff\" \/><stop offset=\"26%\" stop-color=\"#fff\" \/><\/linearGradient><linearGradient id=\"likeGradDark\"><stop offset=\"25%\" stop-color=\"rgba(255,255,255,0.5)\" \/><stop offset=\"26%\" stop-color=\"rgba(255,255,255,0.7)\" \/><\/linearGradient><\/defs><\/svg>\t\t<div id=\"cff-visual-header-679085915485397\" class=\"cff-visual-header cff-has-name cff-has-about\">\n\t\t\t\t\t<div class=\"cff-header-inner-wrap\">\n\t\t\t\t\t\t\t\t\t<div class=\"cff-header-img\">\n\t\t\t\t\t\t<a href=\"https:\/\/www.facebook.com\/679085915485397\" target=\"_blank\" rel=\"nofollow noopener\" title=\"Atelier Tita do R\u00eago Silva\"><img decoding=\"async\" src=\"https:\/\/scontent-fra5-1.xx.fbcdn.net\/v\/t39.30808-1\/267469058_4802514263142521_1915602502984932123_n.jpg?stp=dst-jpg_s160x160_tt6&#038;_nc_cat=110&#038;ccb=1-7&#038;_nc_sid=08baa4&#038;_nc_ohc=TnLP-einYOIQ7kNvwGppRJu&#038;_nc_oc=AdpI_3EU9Os6SZAat_Mk9u6Djl_jltDcc67rfAiES4kAAov2j4olu2D3zU_fp39GLJU&#038;_nc_zt=24&#038;_nc_ht=scontent-fra5-1.xx&#038;edm=AJdBtusEAAAA&#038;_nc_gid=I2XgtFPwWFJmce01atdFCQ&#038;_nc_tpa=Q5bMBQGtfnlp58xkMavZNNFjUSN_g7vx34rJdcAarH8g0dtrU6MjayOf0OYkxQ8o8Fw6M9dL_UxV0Q-pKA&#038;oh=00_Af4RtsBNQJ3KMYD8GT14Kf2FxL5pQBjjDAtsd3GLXCMn9w&#038;oe=6A00C616\" class=\"cff-feed-image\" alt=\"Atelier Tita do R\u00eago Silva\" data-avatar=\"https:\/\/scontent-fra5-1.xx.fbcdn.net\/v\/t39.30808-1\/267469058_4802514263142521_1915602502984932123_n.jpg?stp=dst-jpg_s160x160_tt6&#038;_nc_cat=110&#038;ccb=1-7&#038;_nc_sid=08baa4&#038;_nc_ohc=TnLP-einYOIQ7kNvwGppRJu&#038;_nc_oc=AdpI_3EU9Os6SZAat_Mk9u6Djl_jltDcc67rfAiES4kAAov2j4olu2D3zU_fp39GLJU&#038;_nc_zt=24&#038;_nc_ht=scontent-fra5-1.xx&#038;edm=AJdBtusEAAAA&#038;_nc_gid=I2XgtFPwWFJmce01atdFCQ&#038;_nc_tpa=Q5bMBQGtfnlp58xkMavZNNFjUSN_g7vx34rJdcAarH8g0dtrU6MjayOf0OYkxQ8o8Fw6M9dL_UxV0Q-pKA&#038;oh=00_Af4RtsBNQJ3KMYD8GT14Kf2FxL5pQBjjDAtsd3GLXCMn9w&#038;oe=6A00C616\"><\/a>\n\t\t\t\t\t<\/div>\n\t\t\t\t\t\t\t\t<div class=\"cff-header-text\">\n\n\t\t\t\t\t\t\t\t\t<a href=\"https:\/\/www.facebook.com\/679085915485397\" target=\"_blank\" rel=\"nofollow noopener\" title=\"Atelier Tita do R\u00eago Silva\" class=\"cff-header-name\" ><h3 >Atelier Tita do R\u00eago Silva<\/h3><\/a>\n\t\t\t\t\t\t\t\t\t\t\t\t\t<div class=\"cff-bio-info\">\n\t\t\t\t\t\t<span class=\"cff-posts-count\"><svg aria-hidden=\"true\" focusable=\"false\" data-prefix=\"fab\" data-icon=\"facebook-square\" role=\"img\" xmlns=\"http:\/\/www.w3.org\/2000\/svg\" viewBox=\"0 0 448 512\" class=\"svg-inline--fa fa-facebook-square fa-w-14\"><path fill=\"currentColor\" d=\"M400 32H48A48 48 0 0 0 0 80v352a48 48 0 0 0 48 48h137.25V327.69h-63V256h63v-54.64c0-62.15 37-96.48 93.67-96.48 27.14 0 55.52 4.84 55.52 4.84v61h-31.27c-30.81 0-40.42 19.12-40.42 38.73V256h68.78l-11 71.69h-57.78V480H400a48 48 0 0 0 48-48V80a48 48 0 0 0-48-48z\" class=\"\"><\/path><\/svg>478<\/span>\n\t\t\t\t\t<\/div>\n\t\t\t\t\t\t\t\t\n\t\t\t\t\t\t\t\t\t<p class=\"cff-bio\">Atelier de Artes Visuais - Xilogravura e Livros de Artistas <br>\nVisual Arts Studio, Woodcuts &amp; Arts Boo<\/p>\n\t\t\t\t\t\t\t\t<\/div>\n\n\t\t\t\t\t\t\t<\/div>\n\t\t\t\t<\/div>\n<div class=\"cff-posts-wrap\"><div class=\"cff-item cff-link-item author-atelier-tita-do-r-go-silva cff-679085915485397 cff-new\" id=\"cff_679085915485397_1415301557083452\" data-page-id=\"679085915485397\" data-cff-timestamp=\"1754691715\" data-object-id=\"1415301557083452\" data-cff-from=\"679085915485397\" style=\"border-bottom: 1px solid #ddd; z-index: 12;\"><div class=\"cff-author\">\n\n\t<a  href=\"https:\/\/facebook.com\/679085915485397\" target=\"_blank\" rel=\"nofollow noopener\" >\n\t\t<div class=\"cff-author-img \" data-avatar=\"https:\/\/scontent-fra5-1.xx.fbcdn.net\/v\/t39.30808-1\/267469058_4802514263142521_1915602502984932123_n.jpg?stp=cp0_dst-jpg_s50x50_tt6&#038;_nc_cat=110&#038;ccb=1-7&#038;_nc_sid=f907e8&#038;_nc_ohc=TnLP-einYOIQ7kNvwGppRJu&#038;_nc_oc=AdpI_3EU9Os6SZAat_Mk9u6Djl_jltDcc67rfAiES4kAAov2j4olu2D3zU_fp39GLJU&#038;_nc_zt=24&#038;_nc_ht=scontent-fra5-1.xx&#038;edm=AKIiGfEEAAAA&#038;_nc_gid=bf2eY4sPSlOlXvLt2LVALg&#038;_nc_tpa=Q5bMBQFXyOwHV68MCOYuTHZg1B4I0xSkqgTTf85soaA9lAN4VPAHNqS7gFJvnRSJNdzTYaxa_PA28M_zAw&#038;oh=00_Af5tKM7ECssjSsfwWnDPQ5CIzIQSpiaYr0kuaMfUmGo0kA&#038;oe=6A00C616\">\n\t\t\t<img decoding=\"async\" src=\"https:\/\/scontent-fra5-1.xx.fbcdn.net\/v\/t39.30808-1\/267469058_4802514263142521_1915602502984932123_n.jpg?stp=cp0_dst-jpg_s50x50_tt6&#038;_nc_cat=110&#038;ccb=1-7&#038;_nc_sid=f907e8&#038;_nc_ohc=TnLP-einYOIQ7kNvwGppRJu&#038;_nc_oc=AdpI_3EU9Os6SZAat_Mk9u6Djl_jltDcc67rfAiES4kAAov2j4olu2D3zU_fp39GLJU&#038;_nc_zt=24&#038;_nc_ht=scontent-fra5-1.xx&#038;edm=AKIiGfEEAAAA&#038;_nc_gid=bf2eY4sPSlOlXvLt2LVALg&#038;_nc_tpa=Q5bMBQFXyOwHV68MCOYuTHZg1B4I0xSkqgTTf85soaA9lAN4VPAHNqS7gFJvnRSJNdzTYaxa_PA28M_zAw&#038;oh=00_Af5tKM7ECssjSsfwWnDPQ5CIzIQSpiaYr0kuaMfUmGo0kA&#038;oe=6A00C616\" class=\"cff-feed-image\" alt=\"Author Avatar\" width=40 height=40 onerror=\"this.style.display='none'\">\n\t\t<\/div>\n\t\t\t\t\t<div class=\"cff-page-name cff-author-date\" >\n\t\t\t\t<span>\n\t\t\t\t\tAtelier Tita do R&ecirc;go Silva\t\t\t\t\t<span class=\"cff-story\"  > Atelier Tita do R\u00eago Silva updated their status.<\/span>\n\t\t\t\t<\/span>\n\t\t\t\t\n<div class=\"cff-date \" >\n\t 9 months ago <\/div>\t\t\t<\/div>\n\t\t\t<\/a>\n\n\t<\/div>\n\t<p  class=\"cff-post-text\">\n\t<span class=\"cff-text\" data-color=\"\"> \t<\/span>\n\t<span class=\"cff-expand\">... <a href=\"#\" ><span class=\"cff-more\">Mehr sehen<\/span><span class=\"cff-less\">Weniger sehen<\/span><\/a><\/span>\n<\/p><div class=\"cff-shared-link cff-full-size\" ><div class=\"cff-text-linkcff-no-image\"><p class=\"cff-link-title\" >\n\t\t\t\t\t\t\t\t\t\t\t\t\t<a href=\"https:\/\/www.facebook.com\/679085915485397\/posts\/1415301557083452\" target=\"_blank\" rel=\"nofollow noopener noreferrer\" >This content isn&#039;t available right now<\/a>\n\t\t\t\t\t\t\t\t\t\t\t\t<\/p><span class=\"cff-post-desc\" >When this happens, it's usually because the owner only shared it with a small group of people, changed who can see it or it's been deleted. <\/span><\/div><\/div>\n<div class=\"cff-meta-wrap\">\n\t<div class=\"cff-post-links\">\n\t\t\t<a class=\"cff-viewpost-facebook\" href=\"https:\/\/www.facebook.com\/679085915485397_1415301557083452\" target=\"_blank\" rel=\"nofollow noopener\" >\n\t\t\tView on Facebook\t\t<\/a>\n\t\t\t\t<div class=\"cff-share-container\">\n\t\t\t\t\t\t\t<span class=\"cff-dot\" >&middot;<\/span>\n\t\t\t\t\t\t\t\t<a\n\t\t\t\tclass=\"cff-share-link\"\n\t\t\t\thref=\"https:\/\/www.facebook.com\/sharer\/sharer.php?u=https%3A%2F%2Fwww.facebook.com%2F679085915485397_1415301557083452\"\n\t\t\t\t>\n\t\t\t\t\tShare\t\t\t\t<\/a>\n\t\t\t\t<div class=\"cff-share-tooltip\">\n\t\t\t\t\t\t\t\t\t\t\t\t\t\t\t\t<a href=\"https:\/\/www.facebook.com\/sharer\/sharer.php?u=https%3A%2F%2Fwww.facebook.com%2F679085915485397_1415301557083452\" target=\"_blank\" rel=\"nofollow noopener\" class=\"cff-facebook-icon\">\n\t\t\t\t\t\t\t<svg  aria-hidden=\"true\" focusable=\"false\" data-prefix=\"fab\" data-icon=\"facebook-square\" role=\"img\" xmlns=\"http:\/\/www.w3.org\/2000\/svg\" viewBox=\"0 0 448 512\" class=\"svg-inline--fa fa-facebook-square fa-w-14 \"><path fill=\"currentColor\" d=\"M400 32H48A48 48 0 0 0 0 80v352a48 48 0 0 0 48 48h137.25V327.69h-63V256h63v-54.64c0-62.15 37-96.48 93.67-96.48 27.14 0 55.52 4.84 55.52 4.84v61h-31.27c-30.81 0-40.42 19.12-40.42 38.73V256h68.78l-11 71.69h-57.78V480H400a48 48 0 0 0 48-48V80a48 48 0 0 0-48-48z\"><\/path><\/svg>\t\t\t\t\t\t\t<span class=\"cff-screenreader\">Auf Facebook teilen<\/span>\n\t\t\t\t\t\t<\/a>\n\t\t\t\t\t\t\t\t\t\t\t<a href=\"https:\/\/twitter.com\/intent\/tweet?text=https%3A%2F%2Fwww.facebook.com%2F679085915485397_1415301557083452\" target=\"_blank\" rel=\"nofollow noopener\" class=\"cff-twitter-icon\">\n\t\t\t\t\t\t\t<svg  class=\"svg-inline--fa fa-twitter fa-w-16 \" aria-hidden=\"true\" aria-label=\"twitter logo\" data-fa-processed=\"\" data-prefix=\"fab\" data-icon=\"twitter\" enable-background=\"new 0 0 72 72\" viewBox=\"0 0 72 72\" fill=\"currentColor\"><path d=\"M42.5,31.2L66,6h-6L39.8,27.6L24,6H4l24.6,33.6L4,66 h6l21.3-22.8L48,66h20L42.5,31.2z M12.9,10h8l38.1,52h-8L12.9,10z\"><\/path><\/svg>\t\t\t\t\t\t\t<span class=\"cff-screenreader\">Auf Twitter teilen<\/span>\n\t\t\t\t\t\t<\/a>\n\t\t\t\t\t\t\t\t\t\t\t<a href=\"https:\/\/www.linkedin.com\/shareArticle?mini=true&#038;url=https%3A%2F%2Fwww.facebook.com%2F679085915485397_1415301557083452&#038;title=%09%20%09%09\" target=\"_blank\" rel=\"nofollow noopener\" class=\"cff-linkedin-icon\">\n\t\t\t\t\t\t\t<svg  aria-hidden=\"true\" focusable=\"false\" data-prefix=\"fab\" data-icon=\"linkedin-in\" role=\"img\" xmlns=\"http:\/\/www.w3.org\/2000\/svg\" viewBox=\"0 0 448 512\" class=\"svg-inline--fa fa-linkedin-in fa-w-14 \"><path fill=\"currentColor\" d=\"M100.28 448H7.4V148.9h92.88zM53.79 108.1C24.09 108.1 0 83.5 0 53.8a53.79 53.79 0 0 1 107.58 0c0 29.7-24.1 54.3-53.79 54.3zM447.9 448h-92.68V302.4c0-34.7-.7-79.2-48.29-79.2-48.29 0-55.69 37.7-55.69 76.7V448h-92.78V148.9h89.08v40.8h1.3c12.4-23.5 42.69-48.3 87.88-48.3 94 0 111.28 61.9 111.28 142.3V448z\"><\/path><\/svg>\t\t\t\t\t\t\t<span class=\"cff-screenreader\">Auf LinkedIn teilen<\/span>\n\t\t\t\t\t\t<\/a>\n\t\t\t\t\t\t\t\t\t\t\t<a href=\"mailto:?subject=Facebook&#038;body=https%3A%2F%2Fwww.facebook.com%2F679085915485397_1415301557083452%20-%20%0A%09%20%09%0A%09\" target=\"_blank\" rel=\"nofollow noopener\" class=\"cff-email-icon\">\n\t\t\t\t\t\t\t<svg  aria-hidden=\"true\" focusable=\"false\" data-prefix=\"fas\" data-icon=\"envelope\" role=\"img\" xmlns=\"http:\/\/www.w3.org\/2000\/svg\" viewBox=\"0 0 512 512\" class=\"svg-inline--fa fa-envelope fa-w-16 \"><path fill=\"currentColor\" d=\"M502.3 190.8c3.9-3.1 9.7-.2 9.7 4.7V400c0 26.5-21.5 48-48 48H48c-26.5 0-48-21.5-48-48V195.6c0-5 5.7-7.8 9.7-4.7 22.4 17.4 52.1 39.5 154.1 113.6 21.1 15.4 56.7 47.8 92.2 47.6 35.7.3 72-32.8 92.3-47.6 102-74.1 131.6-96.3 154-113.7zM256 320c23.2.4 56.6-29.2 73.4-41.4 132.7-96.3 142.8-104.7 173.4-128.7 5.8-4.5 9.2-11.5 9.2-18.9v-19c0-26.5-21.5-48-48-48H48C21.5 64 0 85.5 0 112v19c0 7.4 3.4 14.3 9.2 18.9 30.6 23.9 40.7 32.4 173.4 128.7 16.8 12.2 50.2 41.8 73.4 41.4z\"><\/path><\/svg>\t\t\t\t\t\t\t<span class=\"cff-screenreader\">Per E-Mail teilen<\/span>\n\t\t\t\t\t\t<\/a>\n\t\t\t\t\t\t\t\t\t\t\t\t\t<\/div>\n\t\t\t\t\t<\/div>\n\t<\/div>\n\t<div class=\"cff-view-comments-wrap\">\n\t<div class=\"cff-view-comments \" id=\"679085915485397_1415301557083452\">\n\t\t<span class=\"cff-screenreader\">Kommentare anzeigen<\/span>\n\t\t<span class=\"cff-meta cff-light\">\n\t\t\t<span class=\"cff-likes\">\n\t\t\t\t\t\t\t\t\t\t\t\t<span class=\"cff-likes cff-reaction-one cff-icon\">\n\t\t\t\t\t\t\t\t\t<span class=\"cff-screenreader\">likes<\/span>\n\t\t\t\t\t\t\t\t<svg width=\"24px\" height=\"24px\" role=\"img\" aria-hidden=\"true\" aria-label=\"Like\" xmlns=\"http:\/\/www.w3.org\/2000\/svg\" viewBox=\"0 0 512 512\"><path d=\"M496.656 285.683C506.583 272.809 512 256 512 235.468c-.001-37.674-32.073-72.571-72.727-72.571h-70.15c8.72-17.368 20.695-38.911 20.695-69.817C389.819 34.672 366.518 0 306.91 0c-29.995 0-41.126 37.918-46.829 67.228-3.407 17.511-6.626 34.052-16.525 43.951C219.986 134.75 184 192 162.382 203.625c-2.189.922-4.986 1.648-8.032 2.223C148.577 197.484 138.931 192 128 192H32c-17.673 0-32 14.327-32 32v256c0 17.673 14.327 32 32 32h96c17.673 0 32-14.327 32-32v-8.74c32.495 0 100.687 40.747 177.455 40.726 5.505.003 37.65.03 41.013 0 59.282.014 92.255-35.887 90.335-89.793 15.127-17.727 22.539-43.337 18.225-67.105 12.456-19.526 15.126-47.07 9.628-69.405zM32 480V224h96v256H32zm424.017-203.648C472 288 472 336 450.41 347.017c13.522 22.76 1.352 53.216-15.015 61.996 8.293 52.54-18.961 70.606-57.212 70.974-3.312.03-37.247 0-40.727 0-72.929 0-134.742-40.727-177.455-40.727V235.625c37.708 0 72.305-67.939 106.183-101.818 30.545-30.545 20.363-81.454 40.727-101.817 50.909 0 50.909 35.517 50.909 61.091 0 42.189-30.545 61.09-30.545 101.817h111.999c22.73 0 40.627 20.364 40.727 40.727.099 20.363-8.001 36.375-23.984 40.727zM104 432c0 13.255-10.745 24-24 24s-24-10.745-24-24 10.745-24 24-24 24 10.745 24 24z\"><\/path><\/svg><svg width=\"24px\" height=\"24px\" class=\"cff-svg-bg\" role=\"img\" aria-hidden=\"true\" aria-label=\"background\" xmlns=\"http:\/\/www.w3.org\/2000\/svg\" viewBox=\"0 0 512 512\"><path d=\"M104 224H24c-13.255 0-24 10.745-24 24v240c0 13.255 10.745 24 24 24h80c13.255 0 24-10.745 24-24V248c0-13.255-10.745-24-24-24zM64 472c-13.255 0-24-10.745-24-24s10.745-24 24-24 24 10.745 24 24-10.745 24-24 24zM384 81.452c0 42.416-25.97 66.208-33.277 94.548h101.723c33.397 0 59.397 27.746 59.553 58.098.084 17.938-7.546 37.249-19.439 49.197l-.11.11c9.836 23.337 8.237 56.037-9.308 79.469 8.681 25.895-.069 57.704-16.382 74.757 4.298 17.598 2.244 32.575-6.148 44.632C440.202 511.587 389.616 512 346.839 512l-2.845-.001c-48.287-.017-87.806-17.598-119.56-31.725-15.957-7.099-36.821-15.887-52.651-16.178-6.54-.12-11.783-5.457-11.783-11.998v-213.77c0-3.2 1.282-6.271 3.558-8.521 39.614-39.144 56.648-80.587 89.117-113.111 14.804-14.832 20.188-37.236 25.393-58.902C282.515 39.293 291.817 0 312 0c24 0 72 8 72 81.452z\"><\/path><\/svg>\t\t\t\t\t\t\t\t<\/span>\n\t\t\t\t\t\t\t\t\t\t\t<span class=\"cff-count\">1<\/span>\n\t\t\t<\/span>\n\n\t\t\t\t\t<span class=\"cff-shares\">\n\t\t\t<span class=\"cff-icon cff-share\">\n\t\t\t\t<span class=\"cff-screenreader\">Shares:<\/span>\n\t\t\t\t\t<svg width=\"24px\" height=\"24px\" role=\"img\" aria-hidden=\"true\" aria-label=\"Share\" xmlns=\"http:\/\/www.w3.org\/2000\/svg\" viewBox=\"0 0 576 512\"><path d=\"M564.907 196.35L388.91 12.366C364.216-13.45 320 3.746 320 40.016v88.154C154.548 130.155 0 160.103 0 331.19c0 94.98 55.84 150.231 89.13 174.571 24.233 17.722 58.021-4.992 49.68-34.51C100.937 336.887 165.575 321.972 320 320.16V408c0 36.239 44.19 53.494 68.91 27.65l175.998-184c14.79-15.47 14.79-39.83-.001-55.3zm-23.127 33.18l-176 184c-4.933 5.16-13.78 1.73-13.78-5.53V288c-171.396 0-295.313 9.707-243.98 191.7C72 453.36 32 405.59 32 331.19 32 171.18 194.886 160 352 160V40c0-7.262 8.851-10.69 13.78-5.53l176 184a7.978 7.978 0 0 1 0 11.06z\"><\/path><\/svg><svg width=\"24px\" height=\"24px\" class=\"cff-svg-bg\" role=\"img\" aria-hidden=\"true\" aria-label=\"background\" xmlns=\"http:\/\/www.w3.org\/2000\/svg\" viewBox=\"0 0 512 512\"><path d=\"M503.691 189.836L327.687 37.851C312.281 24.546 288 35.347 288 56.015v80.053C127.371 137.907 0 170.1 0 322.326c0 61.441 39.581 122.309 83.333 154.132 13.653 9.931 33.111-2.533 28.077-18.631C66.066 312.814 132.917 274.316 288 272.085V360c0 20.7 24.3 31.453 39.687 18.164l176.004-152c11.071-9.562 11.086-26.753 0-36.328z\"><\/path><\/svg>\t\t\t\t<\/span>\n\t\t\t<span class=\"cff-count\">0<\/span>\n\t\t<\/span>\n\t\t\t\t<span class=\"cff-comments\">\n\t\t\t<span class=\"cff-icon cff-comment\">\n\t\t\t\t<span class=\"cff-screenreader\">Kommentare:<\/span>\n\t\t\t\t\t<svg width=\"24px\" height=\"24px\" role=\"img\" aria-hidden=\"true\" aria-label=\"Comment\" xmlns=\"http:\/\/www.w3.org\/2000\/svg\" viewBox=\"0 0 512 512\"><path d=\"M448 0H64C28.7 0 0 28.7 0 64v288c0 35.3 28.7 64 64 64h96v84c0 7.1 5.8 12 12 12 2.4 0 4.9-.7 7.1-2.4L304 416h144c35.3 0 64-28.7 64-64V64c0-35.3-28.7-64-64-64zm32 352c0 17.6-14.4 32-32 32H293.3l-8.5 6.4L192 460v-76H64c-17.6 0-32-14.4-32-32V64c0-17.6 14.4-32 32-32h384c17.6 0 32 14.4 32 32v288z\"><\/path><\/svg><svg width=\"24px\" height=\"24px\" class=\"cff-svg-bg\" role=\"img\" aria-hidden=\"true\" aria-label=\"background\" xmlns=\"http:\/\/www.w3.org\/2000\/svg\" viewBox=\"0 0 512 512\"><path d=\"M448 0H64C28.7 0 0 28.7 0 64v288c0 35.3 28.7 64 64 64h96v84c0 9.8 11.2 15.5 19.1 9.7L304 416h144c35.3 0 64-28.7 64-64V64c0-35.3-28.7-64-64-64z\"><\/path><\/svg>\t\t\t\t<\/span>\n\t\t\t<span class=\"cff-count\">0<\/span>\n\t\t<\/span>\n\t\t\t\t<\/span>\n\t<\/div>\n<\/div>\n\n\n<\/div>\n<div class=\"cff-comments-box cff-light cff-no-comments\" data-cff-like-text=\"like this\" data-cff-likes-text=\"likes this\"  data-cff-reacted-text=\"reacted to this\" data-cff-and-text=\"and\" data-cff-other-text=\"other\" data-cff-others-text=\"others\" data-cff-reply-text=\"Reply\" data-cff-replies-text=\"Replies\" data-num=\"4\" data-cff-meta-link-color=\"#\" data-cff-hide-avatars=\"\" data-cff-expand-comments=\"\" data-cff-post-tags=\"on\"><p class=\"cff-comment-likes cff-likes\" ><\/p><p class=\"cff-comments cff-comment-on-facebook\" ><span>0 Kommentare<\/span><a href=\"https:\/\/www.facebook.com\/679085915485397_1415301557083452\" target=\"_blank\" rel=\"nofollow noopener\" ><span class=\"cff-icon\"><svg width=\"24px\" height=\"24px\" role=\"img\" aria-hidden=\"true\" aria-label=\"Comment\" xmlns=\"http:\/\/www.w3.org\/2000\/svg\" viewBox=\"0 0 512 512\"><path d=\"M448 0H64C28.7 0 0 28.7 0 64v288c0 35.3 28.7 64 64 64h96v84c0 7.1 5.8 12 12 12 2.4 0 4.9-.7 7.1-2.4L304 416h144c35.3 0 64-28.7 64-64V64c0-35.3-28.7-64-64-64zm32 352c0 17.6-14.4 32-32 32H293.3l-8.5 6.4L192 460v-76H64c-17.6 0-32-14.4-32-32V64c0-17.6 14.4-32 32-32h384c17.6 0 32 14.4 32 32v288z\"><\/path><\/svg><svg width=\"24px\" height=\"24px\" class=\"cff-svg-bg\" role=\"img\" aria-hidden=\"true\" aria-label=\"background\" xmlns=\"http:\/\/www.w3.org\/2000\/svg\" viewBox=\"0 0 512 512\"><path d=\"M448 0H64C28.7 0 0 28.7 0 64v288c0 35.3 28.7 64 64 64h96v84c0 9.8 11.2 15.5 19.1 9.7L304 416h144c35.3 0 64-28.7 64-64V64c0-35.3-28.7-64-64-64z\"><\/path><\/svg><\/span>Comment on Facebook<\/a><\/p><div class=\"cff-comments-wrap\" ><\/div><\/div><\/div><\/div><span class=\"cff_resized_image_data\" data-feedid=\"cff_67908591548539790859154853975meen0000\" data-resized=\"[{&quot;media_id&quot;:&quot;679085915485397_1325854656028143&quot;,&quot;facebook_id&quot;:&quot;679085915485397_1325854656028143&quot;,&quot;aspect_ratio&quot;:&quot;1.00&quot;,&quot;sizes&quot;:&quot;[400,250]&quot;}]\"><\/span><input type=\"hidden\" class=\"cff-pag-url\"\n\tdata-cff-pag-url=\"{&quot;679085915485397&quot;: &quot;https:\/\/graph.facebook.com\/v23.0\/679085915485397\/posts?fields=id,updated_time,message,message_tags,story,picture,full_picture,status_type,created_time,backdated_time,call_to_action,privacy,story_tags,from%7Bpicture,id,name,link%7D,attachments%7Btitle,description,media_type,unshimmed_url,target%7Bid%7D,multi_share_end_card,media%7Bsource,image%7D,subattachments%7D,shares,comments.summary(true).limit(0),reactions.type(LOVE).summary(total_count).limit(0).as(love),reactions.type(WOW).summary(total_count).limit(0).as(wow),reactions.type(HAHA).summary(total_count).limit(0).as(haha),reactions.type(SAD).summary(total_count).limit(0).as(sad),reactions.type(ANGRY).summary(total_count).limit(0).as(angry),likes.summary(true).limit(0),reactions.summary(true).limit(0)&amp;access_token=x_cff_hide_token_x&amp;limit=3&amp;locale=en_US&amp;after=QVFIU3d1WDJfWU9PVlM5aWpkMGM0M1BjNGQyVGpod1U2dlFUN3l5ZAndFT1NLM3pRbGh1N1g1OHBXLXlleTFCQnRJZAXBrSXdBOEI3ZAUlqS2plSXR3SlktT09vUkFNWE9FLVpHeHdyOHUyQVlZAZATd1M25vMFpUOFRUQTFLRGZA2dFdxamJ3RVFrM2RncjBjN3FHZAGV3MXlVTFZACdjBIVGlqMTY1UTJqQkxaZAHFjMWZAaXzlPRDRsc3NqVXpEaDZABbzY5M21JM0k3OEFZARkQ5TUJqa045WG5VYUhQOWl2cl9fWVh5bkM2bXI0WEcxSGp2cHNNak5vUG1rblVXYThTOFUzVFJUaEk5aVRRVEJWTWdtZA1luTE1BX2NVTTY4V0VYNVlOMGtpUXRpWEtUYThURlhkdldtdjE2UHc2NXE3WXZADQU1Rb1NqcGh6bHNUZATVyc1BHZA3ZARWEloYTVreTRZAc2d0UTIzZA0xTbjYwS3Y1MEdLWUFJZAHN4ZA0xNTF96OUdxNkJhSzEyekR6d0hYdkNxMnUwNGJYX1lWdHc2clNFbGluZAWZA5LWtzQ2plU3FfYVdkM0xCeFpaN01NaTZAfZAUswVjd5QnZAlbHhBdUgtSEtUQjFXbUFxeFpyNHVfQVJ3ZAUJhV1pyS0VQRF9lUzJ4X2wyUHY2ZA2h0RjlfWUkxSE50cnp0Q2RyS0VH&quot;}\"\n\tdata-cff-prev-url=\"{&quot;679085915485397&quot;: &quot;https:\/\/graph.facebook.com\/v23.0\/679085915485397\/posts?fields=id,updated_time,message,message_tags,story,picture,full_picture,status_type,created_time,backdated_time,call_to_action,privacy,story_tags,from{picture,id,name,link},attachments{title,description,media_type,unshimmed_url,target{id},multi_share_end_card,media{source,image},subattachments},shares,comments.summary(true).limit(0),reactions.type(LOVE).summary(total_count).limit(0).as(love),reactions.type(WOW).summary(total_count).limit(0).as(wow),reactions.type(HAHA).summary(total_count).limit(0).as(haha),reactions.type(SAD).summary(total_count).limit(0).as(sad),reactions.type(ANGRY).summary(total_count).limit(0).as(angry),likes.summary(true).limit(0),reactions.summary(true).limit(0)&amp;access_token=x_cff_hide_token_x&amp;limit=3&amp;locale=en_US&quot;}\"\n\tdata-transient-name=\"cff_67908591548539790859154853975meen0000\"\n\tdata-post-id=\"279\"\n\tdata-feed-id=\"679085915485397\"  value=\"\">\n\t<a href=\"javascript:void(0);\" id=\"cff-load-more\" class=\"cff-load-more\"   data-cff-bg=\"\" data-cff-hover=\"\" data-no-more=\"No more posts\">\n\t\t\t\t<span>Load more<\/span>\n\t<\/a>\n<\/div><\/div><div class=\"cff-clear\"><\/div><\/div>\n\n\n\n<iframe loading=\"lazy\" src=\"https:\/\/www.facebook.com\/plugins\/post.php?href=https%3A%2F%2Fwww.facebook.com%2Ftita.doregosilva%2Fposts%2Fpfbid038NTCASDKsQQzeX3EcX1XLWzJXVYz3vjnGEuc7nafKZUcYSy3RbLs3Mh65d18c3v5l&#038;show_text=true&#038;width=500\" width=\"500\" height=\"0\" style=\"border:none;overflow:hidden\" scrolling=\"no\" frameborder=\"0\" allowfullscreen=\"true\" allow=\"autoplay; clipboard-write; encrypted-media; picture-in-picture; web-share\"><\/iframe>\n\n\n\n<iframe loading=\"lazy\" src=\"https:\/\/www.facebook.com\/plugins\/post.php?href=https%3A%2F%2Fwww.facebook.com%2Ftita.doregosilva%2Fposts%2Fpfbid0Y4yP5f77CJdS3M75HZM23aqPS15GtWzwcEiLnYaxMnarzf5d3t9VnJn1WKeHEJ3el&#038;show_text=true&#038;width=500\" width=\"500\" height=\"570\" style=\"border:none;overflow:hidden\" scrolling=\"no\" frameborder=\"0\" allowfullscreen=\"true\" allow=\"autoplay; clipboard-write; encrypted-media; picture-in-picture; web-share\"><\/iframe>\n\n\n\n<iframe loading=\"lazy\" src=\"https:\/\/www.facebook.com\/plugins\/post.php?href=https%3A%2F%2Fwww.facebook.com%2Ftita.doregosilva%2Fposts%2Fpfbid0HPMNY23TvrSDqLbz5fP3XBMzNoJfG56A1PQhKCS33NPodLzDgKNPSADes6zZJWgyl&#038;show_text=true&#038;width=500\" width=\"500\" height=\"665\" style=\"border:none;overflow:hidden\" scrolling=\"no\" frameborder=\"0\" allowfullscreen=\"true\" allow=\"autoplay; clipboard-write; encrypted-media; picture-in-picture; web-share\"><\/iframe>\n\n\n\n<iframe loading=\"lazy\" src=\"https:\/\/www.facebook.com\/plugins\/post.php?href=https%3A%2F%2Fwww.facebook.com%2Ftita.doregosilva%2Fposts%2Fpfbid0c77rNwcon9P23BcPFp7KCa3WXiFgXD1DZQdjRNhwSeurLTDZXLfWvctDzW5rURGil&#038;show_text=true&#038;width=500\" width=\"500\" height=\"721\" style=\"border:none;overflow:hidden\" scrolling=\"no\" frameborder=\"0\" allowfullscreen=\"true\" allow=\"autoplay; clipboard-write; encrypted-media; picture-in-picture; web-share\"><\/iframe>\n\n\n\n<hr class=\"wp-block-separator has-css-opacity\"\/>\n\n\n\n<div style=\"height:100px\" aria-hidden=\"true\" class=\"wp-block-spacer\"><\/div>\n\n\n\n<p>weitere Posts k\u00f6nnt ihr hier ansehen:<\/p>\n\n\n\n<p><a href=\"https:\/\/www.facebook.com\/tita.doregosilva\" target=\"_blank\" rel=\"noreferrer noopener\">https:\/\/www.facebook.com\/tita.doregosilva<\/a><\/p>\n\n\n\n<div style=\"height:20px\" aria-hidden=\"true\" class=\"wp-block-spacer\"><\/div>\n\n\n\n<p><\/p>\n","protected":false},"excerpt":{"rendered":"<p>Liebe Freunde der Holzschnittkunst, ich w\u00fcnsche euch viel Spa\u00df beim st\u00f6bern, Tita Hier seht ihr meine aktuellen Facebook-Posts: weitere Posts k\u00f6nnt ihr hier ansehen: https:\/\/www.facebook.com\/tita.doregosilva<\/p>\n","protected":false},"author":1,"featured_media":3273,"parent":0,"menu_order":0,"comment_status":"closed","ping_status":"closed","template":"","meta":{"jetpack_post_was_ever_published":false,"footnotes":""},"class_list":["post-279","page","type-page","status-publish","has-post-thumbnail","hentry"],"jetpack_sharing_enabled":true,"jetpack_shortlink":"https:\/\/wp.me\/P8nqQM-4v","jetpack-related-posts":[],"jetpack_likes_enabled":true,"_links":{"self":[{"href":"https:\/\/www.titadoregosilva.de\/shop\/wp-json\/wp\/v2\/pages\/279","targetHints":{"allow":["GET"]}}],"collection":[{"href":"https:\/\/www.titadoregosilva.de\/shop\/wp-json\/wp\/v2\/pages"}],"about":[{"href":"https:\/\/www.titadoregosilva.de\/shop\/wp-json\/wp\/v2\/types\/page"}],"author":[{"embeddable":true,"href":"https:\/\/www.titadoregosilva.de\/shop\/wp-json\/wp\/v2\/users\/1"}],"replies":[{"embeddable":true,"href":"https:\/\/www.titadoregosilva.de\/shop\/wp-json\/wp\/v2\/comments?post=279"}],"version-history":[{"count":86,"href":"https:\/\/www.titadoregosilva.de\/shop\/wp-json\/wp\/v2\/pages\/279\/revisions"}],"predecessor-version":[{"id":4664,"href":"https:\/\/www.titadoregosilva.de\/shop\/wp-json\/wp\/v2\/pages\/279\/revisions\/4664"}],"wp:featuredmedia":[{"embeddable":true,"href":"https:\/\/www.titadoregosilva.de\/shop\/wp-json\/wp\/v2\/media\/3273"}],"wp:attachment":[{"href":"https:\/\/www.titadoregosilva.de\/shop\/wp-json\/wp\/v2\/media?parent=279"}],"curies":[{"name":"wp","href":"https:\/\/api.w.org\/{rel}","templated":true}]}}