{"id":219,"date":"2017-02-09T11:11:23","date_gmt":"2017-02-09T10:11:23","guid":{"rendered":"http:\/\/www.titadoregosilva.de\/wordpress\/?page_id=219"},"modified":"2022-12-21T12:53:01","modified_gmt":"2022-12-21T11:53:01","slug":"imprint","status":"publish","type":"page","link":"https:\/\/www.titadoregosilva.de\/shop\/imprint\/","title":{"rendered":"IMPRESSUM"},"content":{"rendered":"<p>Tita Do Rego Silva<br \/>\nAtelier Tita do Rego Silva<br \/>\nKoppel 66<br \/>\n20099 Hamburg<br \/>\nDeutschland<\/p>\n<p>Tel.: 04028050599<br \/>\nE-Mail: tita@doregosilva.de<\/p>\n<p>Umsatzsteuer-Identifikationsnummer gem\u00e4\u00df \u00a7 27 a Umsatzsteuergesetz: DE 166428833<\/p>\n<p><a href=\"https:\/\/jojacobs.de\" target=\"_blank\" rel=\"noopener\">webdesign: jojacobs.de<\/a><\/p>\n<p><a href=\"https:\/\/ic-multimedia.de\" target=\"_blank\" rel=\"noopener\">webproduction: ic-multimedia.de<\/a><\/p>\n<div class=\"woocommerce woocommerce-gzd woocommerce-gzd-complaints-shortcode\">\n\t\t\t<h3>Alternative Streitbeilegung gem\u00e4\u00df Art. 14 Abs. 1 ODR-VO und \u00a7 36 VSBG:<\/h3>\n\t\nZur Teilnahme an einem Streitbeilegungsverfahren vor einer Verbraucherschlichtungsstelle sind wir nicht verpflichtet und nicht bereit.<\/div>\n","protected":false},"excerpt":{"rendered":"<p>Tita Do Rego Silva Atelier Tita do Rego Silva Koppel 66 20099 Hamburg Deutschland Tel.: 04028050599 E-Mail: tita@doregosilva.de Umsatzsteuer-Identifikationsnummer gem\u00e4\u00df \u00a7 27 a Umsatzsteuergesetz: DE 166428833 webdesign: jojacobs.de webproduction: ic-multimedia.de<\/p>\n","protected":false},"author":1,"featured_media":0,"parent":0,"menu_order":0,"comment_status":"closed","ping_status":"closed","template":"","meta":{"jetpack_post_was_ever_published":false,"footnotes":""},"class_list":["post-219","page","type-page","status-publish","hentry"],"jetpack_sharing_enabled":true,"jetpack_shortlink":"https:\/\/wp.me\/P8nqQM-3x","jetpack-related-posts":[{"id":2934,"url":"https:\/\/www.titadoregosilva.de\/shop\/video\/","url_meta":{"origin":219,"position":0},"title":"VIDEO","author":"admin","date":"21. November 2018","format":false,"excerpt":"Portrait - Xilogravura from Tita do R\u00eago Silva. K\u00fcnstlerportrait \u00fcber die K\u00fcnstlerin Tita do R\u00eago Silva Hamburg\/2013 ARTE Maranh\u00e3o - Tita do R\u00eago Silva from Tita do R\u00eago Silva. Dokumentarfilm\/2016 TITA ist ein Dokumentarfilm \u00fcber die aus dem nord\u00f6stlichen brasilianischen Bundesstaat Maranh\u00e3o stammende\u00a0Holzschnittk\u00fcnstlerin Tita do R\u00eago Silva. Der Film begibt\u2026","rel":"","context":"\u00c4hnlicher Beitrag","block_context":{"text":"\u00c4hnlicher Beitrag","link":""},"img":{"alt_text":"","src":"","width":0,"height":0},"classes":[]},{"id":3359,"url":"https:\/\/www.titadoregosilva.de\/shop\/gallery\/buchkunst\/","url_meta":{"origin":219,"position":1},"title":"BUCHKUNST","author":"admin","date":"29. Dezember 2018","format":false,"excerpt":"\"APOLL UND DAFNE\" Literatur \u2013 Text: Ludwig H. Christoph H\u00f6lty \u2013 Illustrationen: Tita do R\u00eago Silva Das Buch \"APOLL UND DAFNE\" online kaufen - hier! \u00a0 \"EIN FEST IM HIMMEL\" Brasilianisches M\u00e4rchen; Text und Illustrationen: Tita do R\u00eago Silva Das Buch \"EIN FEST IM HIMMEL\" online kaufen - hier! \u00a0\u2026","rel":"","context":"\u00c4hnlicher Beitrag","block_context":{"text":"\u00c4hnlicher Beitrag","link":""},"img":{"alt_text":"","src":"https:\/\/i0.wp.com\/www.titadoregosilva.de\/shop\/wp-content\/uploads\/2018\/11\/01ApolluDafne-Cover.jpg?resize=350%2C200","width":350,"height":200,"srcset":"https:\/\/i0.wp.com\/www.titadoregosilva.de\/shop\/wp-content\/uploads\/2018\/11\/01ApolluDafne-Cover.jpg?resize=350%2C200 1x, https:\/\/i0.wp.com\/www.titadoregosilva.de\/shop\/wp-content\/uploads\/2018\/11\/01ApolluDafne-Cover.jpg?resize=525%2C300 1.5x"},"classes":[]},{"id":432,"url":"https:\/\/www.titadoregosilva.de\/shop\/info\/","url_meta":{"origin":219,"position":2},"title":"INFO","author":"admin","date":"22. Oktober 2018","format":false,"excerpt":"Tita do R\u00eago Silva ist Brasilianerin. Schon mit ihrer Geburt im Jahre 1959 in Caxias - MA, begann eine Odysse, die sie \u00fcber ein Kunststudium an der Universit\u00e4t von Bras\u00edlia 1989 nach Hamburg f\u00fchrte. Die Arbeit als freie K\u00fcnstlerin im k\u00fchlen Norden weckte in ihr die warme Farbpalette Brasiliens: Kindheitserinnerungen\u2026","rel":"","context":"\u00c4hnlicher Beitrag","block_context":{"text":"\u00c4hnlicher Beitrag","link":""},"img":{"alt_text":"","src":"https:\/\/i0.wp.com\/www.titadoregosilva.de\/shop\/wp-content\/uploads\/PortraitTita-300x300.jpg?resize=350%2C200&ssl=1","width":350,"height":200},"classes":[]},{"id":455,"url":"https:\/\/www.titadoregosilva.de\/shop\/widerrufsbelehrung\/","url_meta":{"origin":219,"position":3},"title":"WIDERRUFSBELEHRUNG","author":"admin","date":"24. Oktober 2018","format":false,"excerpt":"Widerrufsrecht f\u00fcr Verbraucher (Verbraucher ist jede nat\u00fcrliche Person, die ein Rechtsgesch\u00e4ft zu Zwecken abschlie\u00dft, die \u00fcberwiegend weder ihrer gewerblichen noch ihrer selbstst\u00e4ndigen beruflichen T\u00e4tigkeit zugerechnet werden kann.) Widerrufsbelehrung Widerrufsrecht Sie haben das Recht, binnen vierzehn Tagen ohne Angabe von Gr\u00fcnden diesen Vertrag zu widerrufen. Die Widerrufsfrist betr\u00e4gt vierzehn Tage ab\u2026","rel":"","context":"\u00c4hnlicher Beitrag","block_context":{"text":"\u00c4hnlicher Beitrag","link":""},"img":{"alt_text":"","src":"","width":0,"height":0},"classes":[]},{"id":328,"url":"https:\/\/www.titadoregosilva.de\/shop\/shop\/","url_meta":{"origin":219,"position":4},"title":"SHOP","author":"admin","date":"29. August 2018","format":false,"excerpt":"Willkommen im Onlineshop Atelier Tita do R\u00eago Silva! Schauen Sie sich um und entdecken Sie die Vielfalt meiner Holz-und Linolschnitt Kunst. Bestellungen im Shop sind nur innerhalb Deutschlands m\u00f6glich. F\u00fcr Fragen, W\u00fcnsche oder Auslandsbestellungen schreiben Sie mir eine E-Mail an: Atelier@titadoregosilva.de. Ich helfe gerne weiter! Onlineshop-Wundert\u00fcte Eine unwiderstehliche T\u00fcte voller\u2026","rel":"","context":"\u00c4hnlicher Beitrag","block_context":{"text":"\u00c4hnlicher Beitrag","link":""},"img":{"alt_text":"","src":"https:\/\/i0.wp.com\/www.titadoregosilva.de\/shop\/wp-content\/uploads\/Wundertuete-01-150x150.jpg?resize=350%2C200&ssl=1","width":350,"height":200},"classes":[]},{"id":3154,"url":"https:\/\/www.titadoregosilva.de\/shop\/gallery\/werke\/","url_meta":{"origin":219,"position":5},"title":"WERKE","author":"admin","date":"12. Dezember 2018","format":false,"excerpt":"Hier eine Auswahl aus Einzelwerken von Tita do R\u00eago Silva.","rel":"","context":"\u00c4hnlicher Beitrag","block_context":{"text":"\u00c4hnlicher Beitrag","link":""},"img":{"alt_text":"","src":"https:\/\/i0.wp.com\/www.titadoregosilva.de\/shop\/wp-content\/uploads\/Werke-01.jpg?resize=350%2C200","width":350,"height":200,"srcset":"https:\/\/i0.wp.com\/www.titadoregosilva.de\/shop\/wp-content\/uploads\/Werke-01.jpg?resize=350%2C200 1x, https:\/\/i0.wp.com\/www.titadoregosilva.de\/shop\/wp-content\/uploads\/Werke-01.jpg?resize=525%2C300 1.5x, https:\/\/i0.wp.com\/www.titadoregosilva.de\/shop\/wp-content\/uploads\/Werke-01.jpg?resize=700%2C400 2x, https:\/\/i0.wp.com\/www.titadoregosilva.de\/shop\/wp-content\/uploads\/Werke-01.jpg?resize=1050%2C600 3x"},"classes":[]}],"jetpack_likes_enabled":true,"_links":{"self":[{"href":"https:\/\/www.titadoregosilva.de\/shop\/wp-json\/wp\/v2\/pages\/219","targetHints":{"allow":["GET"]}}],"collection":[{"href":"https:\/\/www.titadoregosilva.de\/shop\/wp-json\/wp\/v2\/pages"}],"about":[{"href":"https:\/\/www.titadoregosilva.de\/shop\/wp-json\/wp\/v2\/types\/page"}],"author":[{"embeddable":true,"href":"https:\/\/www.titadoregosilva.de\/shop\/wp-json\/wp\/v2\/users\/1"}],"replies":[{"embeddable":true,"href":"https:\/\/www.titadoregosilva.de\/shop\/wp-json\/wp\/v2\/comments?post=219"}],"version-history":[{"count":8,"href":"https:\/\/www.titadoregosilva.de\/shop\/wp-json\/wp\/v2\/pages\/219\/revisions"}],"predecessor-version":[{"id":4457,"href":"https:\/\/www.titadoregosilva.de\/shop\/wp-json\/wp\/v2\/pages\/219\/revisions\/4457"}],"wp:attachment":[{"href":"https:\/\/www.titadoregosilva.de\/shop\/wp-json\/wp\/v2\/media?parent=219"}],"curies":[{"name":"wp","href":"https:\/\/api.w.org\/{rel}","templated":true}]}}